r - 3. Suppose r = 3*g + g - 140. Is g composite?
True
Let h be (-9)/(6 + -3) + 49. Suppose g = -2 - 0. Is -1*h/4*g composite?
False
Suppose -3*h = -15, 0*r - h - 5007 = -4*r. Is r a composite number?
True
Let q(f) = f**3 + 3*f**2 - 3*f - 2. Let h be q(-4). Is (-12)/h - (-43 - 1) a prime number?
False
Let l(s) = s**2 - 8*s + 9. Let d be l(7). Suppose -d*u = -3 - 35. Is u prime?
True
Suppose o + 4*o + 3*l = 608, 5 = 5*l. Is o a prime number?
False
Suppose -3 - 2 = 5*c. Is (2 - 3) + c - -35 prime?
False
Suppose 2*i + 0*i - 5*v - 132 = 0, v + 60 = i. Let q be 2/(-4)*-2*i. Suppose -5*y + q + 39 = 0. Is y prime?
True
Suppose 2074 = 5*t + 4*h + 295, 2*t - 5*h = 738. Is t prime?
True
Let w = -30 - -51. Suppose 0 = 3*m + 2*i - w - 14, -3*m = -3*i - 15. Let o(p) = -p**3 + 10*p**2 - 7*p + 3. Is o(m) a composite number?
True
Let n = 3746 + -2269. Is n a prime number?
False
Let x(z) = z**2 + 3*z + 2. Let w be x(-2). Let b = 0 - w. Let u(y) = y**3 - y + 21. Is u(b) prime?
False
Suppose 3*i = 2*m - 2 + 3, -5*i - 1 = -4*m. Suppose g = 5*t - 15, -4*t - t = m*g + 10. Is (-3)/4*(g + -63) a prime number?
False
Is ((-16)/(-6))/((-4)/(-624)) - 3 a composite number?
True
Suppose -1962 = -4*r + 5*y, 2*r - y + 4*y = 992. Is r prime?
False
Is ((-1636)/(-16))/((-3)/(-12)) a composite number?
False
Suppose 5*g = -4*o + 974, g + 35 = 5*o + 224. Let p = g + -137. Is 7*p*(-2)/(-6) a composite number?
True
Let j be ((-38)/(-8))/((-3)/(-12)). Suppose 2*v + j = 93. Let o = v - -54. Is o prime?
False
Suppose 2*s - 55 = 123. Is s composite?
False
Let z(f) = f + 9. Let j be z(-4). Suppose -6*n - 5*p = -j*n - 198, 409 = 2*n - 3*p. Is n a prime number?
False
Suppose 16*u - 21*u + 415 = 0. Is u a prime number?
True
Suppose 4*t = 2*v - 4, -v - 2*t = -7*t - 5. Is (v - 1)*(-37 - 0) prime?
True
Is 31472/20 - (-6)/15 a composite number?
True
Let h(q) = 2*q - 1. Let g be h(1). Let i(p) = -p**3 + 1. Let z be i(g). Suppose 0*t + 4*t - 12 = z. Is t a prime number?
True
Let s = 104 - 6. Is 4/8*(s + 0) prime?
False
Suppose 0 = 4*p + 54 - 186. Let b(s) = 122*s**2 - s + 1. Let j be b(1). Suppose -j - p = -5*n. Is n a prime number?
True
Let h(n) = 15*n - 11. Is h(6) composite?
False
Let g be 60/18*12/(-10). Let w be 2/g + (-1938)/(-12). Is (-3)/2 - w/(-2) prime?
True
Is (-61)/(56/20 - 3) a composite number?
True
Suppose -3*c + 3*o + 9 = -0*o, -12 = -5*c + 4*o. Suppose -3*r = r - 16. Suppose -r*n = -c*n - 148. Is n a composite number?
False
Let l(w) be the first derivative of -w**2/2 + 373*w - 1. Suppose -5*y = -3*y. Is l(y) prime?
True
Let n be 2/1 - -1 - 2. Suppose 0 = g - k - 7, 3*g + k - n = -0. Is 54/3 + -1 + g prime?
True
Suppose 17*x - 15*x = 502. Is x a prime number?
True
Let z(h) = 9*h + 8*h - 6*h. Let w = 10 + -5. Is z(w) a prime number?
False
Let c = 26 + -15. Let j(l) = l + 4. Is j(c) a prime number?
False
Suppose -7*i - 476 = -3*i. Let m = -61 - i. Is m a composite number?
True
Is (-5350)/(-14) + (-4)/28 a prime number?
False
Let l = 227 + -365. Let s = l + 203. Is s a composite number?
True
Suppose -4*t + 16 = 0, 2*q - 4*t = -2*q - 40. Is (-2)/1*669/q a prime number?
True
Let c = 1257 + 2552. Is c prime?
False
Let j(y) = 60*y**3 + y**2 - 2*y + 1. Let a be j(1). Let v(p) = p**3 - 7*p**2 + 7*p - 1. Let o be v(6). Suppose o*q - a = q. Is q a composite number?
True
Suppose 2*x - 4*x - 28 = 0. Let p = -28 - x. Is (21 - 1)*p/(-8) a prime number?
False
Let u = -6 + 11. Suppose u*c - 25 = 0, -3*l + 4*c + 29 = -2*l. Is l composite?
True
Let x(v) = -v**3 - 3*v**2 - v - 3. Let t(p) = p**3 + p**2 + 3. Let k be t(0). Let r be x(k). Is 1 + -2 - (r + 2) a prime number?
False
Suppose 0*w - 4*w + 12 = 0. Suppose w*u - 2*n - 55 = 0, 3*u + 2*n - 55 - 4 = 0. Is u prime?
True
Let s(i) be the second derivative of 2*i**3/3 + 11*i**2/2 + 4*i. Let j be (20 - 2)/2 - 0. Is s(j) prime?
True
Let j(u) = -2*u - 4. Let f(a) = -a**2 - 10*a - 3. Let s be f(-10). Let y be j(s). Suppose -t = y*t - 69. Is t composite?
False
Let m be (2 - 0) + 3 + -7. Is (1/m)/((-10)/1580) a prime number?
True
Let y be (-36)/(-15) - (-2)/(-5). Suppose y*k - 4*m - 299 = 167, -3*k - 3*m = -708. Is k a prime number?
False
Is 111/4*(-16)/(-4) a composite number?
True
Suppose -4*b + 5*s = 5, 5*b - 2 = -4*s + 43. Let r be 9 + -2 + -1 + b. Let q = r - -130. Is q composite?
True
Suppose -1 - 9 = -v + 5*p, 2*v = 5*p + 25. Suppose 2*c = 7*c - 3*i - 275, -3*i = -v. Is c prime?
False
Let w(k) = k**3 - k + 13. Is w(10) a composite number?
True
Suppose -3*h + 435 = 2*h. Is h composite?
True
Let v = -17 - -11. Let q = v - -8. Suppose -10 = -2*n + 2*w + w, -q*n = -2*w - 14. Is n prime?
True
Suppose 2*r - 3518 - 768 = -4*j, 2*j - 5*r - 2113 = 0. Is j composite?
False
Suppose 5*h = -118 + 1113. Is h a composite number?
False
Is (1568 - (-3)/(-3)) + 2 composite?
True
Let j be (5/(15/4578))/(-1). Let z = j + 2957. Suppose -5*y + 2*l + z = 236, -956 = -4*y - 5*l. Is y a composite number?
False
Let j = -46 + 149. Is j a prime number?
True
Let z(k) = 2*k**3 - 3*k**2 + k. Let n be z(2). Suppose -4*t + 5 = 5*x, -7*x = -2*x - 2*t + 25. Let v = x + n. Is v a composite number?
False
Suppose -150 = -6*o + 3*o. Suppose -2*j + 4*a = -104, -o = -3*j + 3*a + 97. Let g = j - 31. Is g a prime number?
False
Let k = 1427 - 270. Is k a composite number?
True
Let u be ((-536)/12)/(4/(-54)). Is 4/(-6)*u/(-6) composite?
False
Suppose -x + s + 283 = 0, s = -3*x - 2*x + 1415. Suppose 0 = -2*p - i + 190, -3*p = -0*i + 2*i - x. Is p prime?
True
Let x be ((-20)/(-15))/((-2)/(-90)). Suppose -4*k = -2*v + x, 6*k - 3*k = 4*v - 130. Is v a prime number?
False
Let d(v) = v**2 - 14*v - 36. Is d(21) a composite number?
True
Is 3/(-12) - 97020/(-48) a prime number?
False
Let v be -1*(3 + -2)*13. Let o = v - -146. Is o a prime number?
False
Let o(u) = 54*u**2 - 12*u - 29. Is o(-5) prime?
True
Let q(s) = s**2 - 3*s - 7. Let m be q(5). Suppose 0*u - m = -3*u, -3*u - 76 = -a. Is a a composite number?
False
Let w be (240/36)/(2/12). Let m = w + 49. Is m a prime number?
True
Suppose -5*f + 610 + 575 = 0. Is f composite?
True
Let r(p) = 240*p - 23. Is r(13) prime?
False
Suppose 0 = q - 0 - 1. Is (1012/(-12))/(q/(-3)) composite?
True
Suppose 262 = -0*j + 2*j. Suppose h - 2*h = -j. Is h a composite number?
False
Suppose 0 = -3*a + 2*l + 201, 0*a + 71 = a - 2*l. Is a composite?
True
Let a be (-253)/(-4) + (-3)/12. Let w = a - -20. Is w a prime number?
True
Let s = 52 - -5. Is s composite?
True
Suppose 5*f = 5*h + 4920, 5*h - 1851 = -5*f + 3019. Is f composite?
True
Suppose 4*f = -y - 10, 4*f + 5*y = -f - 20. Is 3*(1 - (2 + f)) a composite number?
False
Let y(w) = w**2 - 5*w - 2. Let z be y(-5). Is z + -4*1/(-4) a prime number?
False
Let o = 368 + -145. Is o a prime number?
True
Let t = 1834 - -2431. Is t a composite number?
True
Is (-4)/(-3) - (-1329)/9 composite?
False
Let n = -5 + 8. Let o be (0 + 4/8)*10. Suppose 3*h - 4*h = o*z - 19, n*z = -2*h + 17. Is z a prime number?
True
Let g(r) = r. Let k(p) = -16*p + 12. Let w(x) = -2*g(x) - k(x). Is w(5) a composite number?
True
Let m(v) = 6*v - 11. Suppose -4*t = 2*h - 24, 4*h + 5*t - 41 = -2. Suppose k - 2*p - 16 = 0, 2 + h = -2*p. Is m(k) a prime number?
True
Let u(x) = 4*x - 5. Let z be u(2). Suppose 3*b - z*d = 2*b + 197, -5*b = d - 1049. Is b a prime number?
False
Is 58/(2/(-35)*-5) a composite number?
True
Let z = 666 - 300. Let s = 797 - z. Is s a composite number?
False
Let h(u) = -u**3 + 10*u**2 - 4*u + 11. Let l = 17 + -8. Let i be h(l). Suppose 0*k = -4*k + i. Is k prime?
False
Let a be 5/(-15)*(-19 + 1). Let q(s) = 5*s - 8. Is q(a) a prime number?
False
Let g = -1 + 0. Let t = -1 - g. Suppose -24 = -t*x - 4*x. Is x prime?
False
Let y(u) = u**2 + 4*u - 10. Let j be y(-9). Is 14518/j - (-2)/10 a prime number?
False
Let p(w) = 142*w**2 - w. Let j be p(3). Suppose 2*d - j = 5*d. Is 4/8 - d/2 composite?
True
Suppose 611 = 7*j - 2*j - 3*k, 5*j + 4*k - 597 = 0. Is j a prime number?
False
Let h = 50 + 15. Let p be (-5)/((-5)/6) - 0. Suppose p*j = j + h. Is j a prime number?
True
Suppose 5*p = 3839 - 624. Is p/3 - 2/(-3) a prime number?
False
Suppose -2*o = 5*d - 635, 4*d = -0*o - o + 508. Is d a prime number?
True
Let w(b) = 20*b + 1. Suppose -4*z - 2 = 2*d, 0*z + 3*d - 13 = 2*z. Let p be 3 - (2/z + 3). Is w(p) prime?
False
Let l = 14 - 8. Sup